.
103
Let t = -33156 + 58347. What are the prime factors of t?
3, 311
Suppose k + c - 14630 = 0, 35*k - 2*c = 38*k - 43884. List the prime factors of k.
2, 457
Let g = 24739 + 8115. What are the prime factors of g?
2, 16427
Let o(f) = f**2 + 9*f + 6. Let p be o(-7). List the prime factors of -6 - 0 - 432/p.
2, 3
Let r be 28/10 - 1/(-5). Let o(l) = 3*l - 4. Let a be o(r). Suppose 5*j - 4*g + a*g - 320 = 0, j - 80 = 3*g. What are the prime factors of j?
5, 13
Let r(c) = 95*c + 234. List the prime factors of r(18).
2, 3
Let w be (-10 + 0)/((-18)/909). Suppose -2787 = -4*s + w. What are the prime factors of s?
823
Suppose 72*k - 73*k + 28997 = 3*a, 0 = 2*a + 3*k - 19343. List the prime factors of a.
2, 151
List the prime factors of (-20756)/(-3) - -18 - 2/(-6).
7, 991
Suppose 2*p + 4*r - 32298 = 5902, -4*p + 4*r + 76424 = 0. Suppose 28*w = 44*w - p. What are the prime factors of w?
2, 3, 199
Let c = 26 + -104. List the prime factors of 13/c - (-1129)/6.
2, 47
Suppose -1804 = -3*k - 4*w, 3*w = 2*k - 0*w - 1197. Suppose -2*x = -5*o - k + 2570, 0 = -5*o + x + 1970. What are the prime factors of o?
2, 197
Suppose -34*h = 117*h + 71*h - 2297034. What are the prime factors of h?
3, 3449
Let n = 191034 + -136440. List the prime factors of n.
2, 3, 337
Let d(n) = -16*n + 35. Let f be d(5). Let q = -17 - f. Suppose -q*a = -32*a + 808. What are the prime factors of a?
2, 101
Let g(b) = -91*b + 8. Suppose -7 = q - 2, 3*q + 5 = 2*a. Let p be g(a). Suppose 3*r = p - 145. What are the prime factors of r?
2, 53
Let k(o) = -2*o + 5*o - 2*o - o**3 - 2*o**2 - 6. Let j be k(-3). Suppose j = -2*t - 2*w + 162, t = -0*t + 3*w + 93. What are the prime factors of t?
2, 3, 7
Let v = 216 + -391. Let s = v + 453. List the prime factors of s.
2, 139
Let y(j) = 637*j + 4037. List the prime factors of y(20).
19, 883
Suppose 5*r + 1751 = 4*p, 708 + 604 = 3*p - 4*r. What are the prime factors of p?
2, 3, 37
Let j = 7158 + -2848. List the prime factors of j.
2, 5, 431
List the prime factors of (382 - (1 - 0))/(27 + (-4719)/176).
2, 127
Suppose 0 = -3*l + 42*l - 298742 + 21881. List the prime factors of l.
31, 229
Let z(f) = 4*f**3 + 6*f**2 - 9*f - 3. Suppose -5*h + 3*j = -13, 4*h - 2*j - 40 = -7*j. What are the prime factors of z(h)?
2, 7, 43
Suppose 0 = 20*l - 51*l - 31. What are the prime factors of (-91399)/(-66) - l*(-1)/(-6)?
5, 277
What are the prime factors of -11 + 1108*(-221)/(-26)?
23, 409
Suppose -384 + 2059 = 5*v. Let j = v - 211. What are the prime factors of j?
2, 31
Suppose -2*o = 18*o - 13820. Let d = o + 29. What are the prime factors of d?
2, 3, 5
Let n(l) be the second derivative of l**4/12 - 4*l**3/3 + l**2 - 11*l. Let y be n(8). What are the prime factors of 35 - -11 - 0/y?
2, 23
Suppose 2*l - 18929 + 3467 = 2*y, -l - 5*y + 7707 = 0. What are the prime factors of l?
7727
Let a(s) = 608*s**2 - 23*s - 23. Let i be a(-1). Let o = 764 - i. What are the prime factors of o?
2, 3, 13
Let l = 258 - 251. List the prime factors of -116*((-70)/5)/l.
2, 29
Suppose -10 = 10*d - 15*d. Suppose 4*h + 2*i - 688 = -d*i, -h + 176 = -3*i. What are the prime factors of h?
173
Let y(n) = 25*n**3 - 48*n + 38*n + 3*n**2 - 5*n**3 + 11. List the prime factors of y(2).
163
Suppose -1101 = -t + 2*a, 5*t - 2965 = -a + 2584. What are the prime factors of t?
1109
What are the prime factors of ((-2)/(-3) - 0) + 309729/63?
3, 11, 149
Suppose -16*p + 4431 = -753. What are the prime factors of p?
2, 3
Let j(r) = -193*r + 8. Suppose 2*x = 5*n - 2*x - 6, -2*n + x = 0. Let d be j(n). Suppose -z = z - d. List the prime factors of z.
197
Let x(a) = -a**3 + 3*a**2 + 4*a - 2. Let t = 39 - 35. Let k be x(t). What are the prime factors of 1*(-4 - -174) + k?
2, 3, 7
Let x be (-257)/(-6) + (-5)/(-30). Suppose 2*g = -3*g - 10. Let z = x + g. List the prime factors of z.
41
Let i(j) = j**3 - 26*j**2 + 8*j - 27. Let u be i(28). Suppose 2*p = 4*p + q - u, 3*p - 2631 = 4*q. What are the prime factors of p?
881
Suppose -7*w + 2*w - 1334 = 2*g, 0 = -3*w - 4*g - 806. Let b = w - -563. List the prime factors of b.
3, 11
Let q(r) = r**3 - 9*r**2 + r - 7. Let w be q(9). Let d = 18 - w. What are the prime factors of d?
2
Let n(a) = 52*a + 3. Suppose -3*b - b = 5*c + 102, -3*c + 5*b = 39. Let x be 12/c*(-3)/2. What are the prime factors of n(x)?
5, 11
Suppose 5*y + 798 + 964 = 3*l, -l = -3*y - 590. Suppose -k + l + 94 = 0. List the prime factors of k.
2, 3, 113
Suppose 388*o - 228501 = 367*o. List the prime factors of o.
3, 13, 31
Let n = 1162 + -688. List the prime factors of (9 - (10 + -4)) + n.
3, 53
Let m = 7809 - 4553. List the prime factors of m.
2, 11, 37
Let f(r) = -171*r - 14. Let t be (1 - (-3)/6) + (-9)/2. List the prime factors of f(t).
499
Suppose -2*c + 8 = -d, 15*d = 12*d. Let x(y) = -87*y**3 + 1. Let m be x(-1). Suppose c*f + n - 124 = 0, -f + 4*f - m = -2*n. List the prime factors of f.
2
Suppose -5*w + 70 = q - 40, 2*w = 5*q - 496. Suppose 2*y + q = -4*t + 6*y, -5*t - 121 = -3*y. Let x = 44 - t. List the prime factors of x.
67
Suppose 0 = 19*c - 34*c + 11775. Suppose 0*k - k + 3 = 0, 2*k = -t + c. List the prime factors of t.
19, 41
Let o(a) be the second derivative of a**4/6 - 2*a**3/3 + 268*a**2 + 10*a + 1. List the prime factors of o(0).
2, 67
Suppose -4*s = 1129 - 2665. Let i(m) = 32*m - 207. Let w be i(15). Suppose -5*p - 3*v = -s, 5*v + 12 = 4*p - w. List the prime factors of p.
3, 5
Let w = -15 + 15. Let v be -3*(w + -4)/(-12). What are the prime factors of v/((-3)/(229 - -2))?
7, 11
Suppose -3*j - 4 - 5 = -5*c, -2*j + 3*c = 6. List the prime factors of 9/(j + (-1176)/(-390)).
3, 5, 13
Suppose 0 = -u + 1 + 4. Let v(y) = -y**2 - y - 9. Let q(n) = 2*n**2 + 8. Let a(j) = 3*q(j) + 4*v(j). List the prime factors of a(u).
2, 3
List the prime factors of (-96)/(-16)*(942 + 16).
2, 3, 479
Suppose 0 = 4*m - 2*a - 2600, m - 902 = 4*a - 266. Suppose 0 = -5*u + 4583 + m. What are the prime factors of u?
3, 349
List the prime factors of -2 + 3 + 3 + (-153873)/(-27).
3, 1901
Let v = 15645 - 8136. List the prime factors of v.
3, 2503
Let b be -5398 + -8*7/14. What are the prime factors of (9 - b/7) + 2/7?
11, 71
Suppose 172*g - 170*g - 20 = 0. What are the prime factors of (5/10 - g/4) + 197?
3, 5, 13
Let a be (2 - 4/3)*(-3 - -30). Suppose 2*s + 6 = 2*f + a, 5*s - 18 = 2*f. List the prime factors of (-6 - (f + -3))*(-18)/(-2).
3
Let m(n) = 163*n**3 - 5*n**2 + 18*n - 15. What are the prime factors of m(3)?
3, 5, 293
Suppose 7869 = -0*y - 5*y + 65894. List the prime factors of y.
5, 11, 211
Let v be ((-108)/8)/(2/12). List the prime factors of 9/v + (-20558)/(-18).
2, 571
Let o(y) = y**3 - 6*y**2 - 10*y + 24. Let w be o(6). List the prime factors of (166/(-3))/(w/54).
83
Let y(l) = -57*l - 54. Let j be y(-3). List the prime factors of (j - -3 - 0)*(-35)/(-20).
2, 3, 5, 7
What are the prime factors of 3*-6*11458/(-102)?
2, 3, 337
Let l = -16 + 14. Let a(d) be the second derivative of -d**5/10 - d**4/6 - d**2 + 18*d. List the prime factors of a(l).
2, 3
Let l(i) = 14*i**2 - 16*i - 680. List the prime factors of l(-17).
2, 17, 107
Let j(x) = x + 8. Let r be j(12). Let n = r + 30. List the prime factors of 15 + -15 + n + -1.
7
Let b(j) = 46*j**3 - 7*j**2 - 38*j + 242. List the prime factors of b(7).
3, 11, 467
What are the prime factors of (((-16)/(-10))/(49/2722930))/2?
2, 5557
Let n(q) = 20*q - 11. Let g be n(10). Let p = g - 20. Suppose 3*u - p = 98. List the prime factors of u.
89
Let w(p) = 11*p - 2 - 12*p - 29*p**3 - 37*p**3. Let k be w(-1). Let b = k - -21. What are the prime factors of b?
2, 43
What are the prime factors of (-19 - -21 - (10 + -4)) + 6788?
2, 53
Suppose 102*v = 2*n + 97*v - 30697, 3*v + 15 = 0. What are the prime factors of n?
2, 3, 71
Suppose -3*j - 3*k + 14 + 4 = 0, 6 = 2*j - k. Let l(o) = 13*o**2 - o. Let h be l(j). Suppose 6*z - h = -6*z. What are the prime factors of z?
17
Suppose -360*y - 24 = -354*y. List the prime factors of (1 + 2/y)*(18 - -2036).
13, 79
Suppose -13 = -8*x + 19. Suppose x*v - 42 = 6*v. List the prime factors of (-286)/(-4) - (4 - v/(-6)).
71
Let o(q) = 10*q + 2. Let b be o(5). Let f = b - 29. Suppose -w = -58 - f. List the prime factors of w.
3
Suppose 5*x = 63 + 22. Suppose o = -u - 13, -5*u - 15 - x = 2*o. Let y(g) = g**2 + 8*g - 9. What are the prime factor